{"id":56,"date":"2018-07-11T14:42:43","date_gmt":"2018-07-11T12:42:43","guid":{"rendered":"http:\/\/lescavesdejoseph.com\/?page_id=56"},"modified":"2025-05-09T16:37:01","modified_gmt":"2025-05-09T14:37:01","slug":"les-caves-de-joseph-vins-et-spiritueux-a-rennes","status":"publish","type":"page","link":"https:\/\/lescavesdejoseph.com\/","title":{"rendered":"La Cave de Joseph : Vins &#038; Spiritueux \u00e0 Rennes"},"content":{"rendered":"\t\t<div data-elementor-type=\"wp-post\" data-elementor-id=\"56\" class=\"elementor elementor-56\" data-elementor-post-type=\"page\">\n\t\t\t\t\t\t<section class=\"elementor-section elementor-top-section elementor-element elementor-element-3b6ce0dd elementor-section-height-min-height elementor-section-stretched elementor-section-full_width elementor-section-height-default elementor-section-items-middle\" data-id=\"3b6ce0dd\" data-element_type=\"section\" data-settings=\"{&quot;background_background&quot;:&quot;classic&quot;,&quot;stretch_section&quot;:&quot;section-stretched&quot;}\">\n\t\t\t\t\t\t<div class=\"elementor-container elementor-column-gap-default\">\n\t\t\t\t\t<div class=\"elementor-column elementor-col-100 elementor-top-column elementor-element elementor-element-ab7a4e3\" data-id=\"ab7a4e3\" data-element_type=\"column\" data-settings=\"{&quot;background_background&quot;:&quot;classic&quot;}\">\n\t\t\t<div class=\"elementor-widget-wrap elementor-element-populated\">\n\t\t\t\t\t\t<div class=\"elementor-element elementor-element-27ad4bed elementor-widget elementor-widget-heading\" data-id=\"27ad4bed\" data-element_type=\"widget\" data-widget_type=\"heading.default\">\n\t\t\t\t<div class=\"elementor-widget-container\">\n\t\t\t\t\t<h1 class=\"elementor-heading-title elementor-size-large\">Cave \u00e0 vins &amp; spiritueux \u00e0 rennes<\/h1>\t\t\t\t<\/div>\n\t\t\t\t<\/div>\n\t\t\t\t<div class=\"elementor-element elementor-element-2a619d53 elementor-widget elementor-widget-heading\" data-id=\"2a619d53\" data-element_type=\"widget\" data-widget_type=\"heading.default\">\n\t\t\t\t<div class=\"elementor-widget-container\">\n\t\t\t\t\t<h2 class=\"elementor-heading-title elementor-size-large\">DES VINS D'EXCEPTIONS, DES ATELIERS D\u00c9GUSTATIONS ET DE LA PASSION<\/h2>\t\t\t\t<\/div>\n\t\t\t\t<\/div>\n\t\t\t\t\t<\/div>\n\t\t<\/div>\n\t\t\t\t\t<\/div>\n\t\t<\/section>\n\t\t\t\t<section class=\"elementor-section elementor-top-section elementor-element elementor-element-72cf2ace elementor-section-full_width elementor-section-stretched elementor-section-height-default elementor-section-height-default\" data-id=\"72cf2ace\" data-element_type=\"section\" data-settings=\"{&quot;background_background&quot;:&quot;classic&quot;,&quot;stretch_section&quot;:&quot;section-stretched&quot;}\">\n\t\t\t\t\t\t<div class=\"elementor-container elementor-column-gap-default\">\n\t\t\t\t\t<div class=\"elementor-column elementor-col-50 elementor-top-column elementor-element elementor-element-864387b\" data-id=\"864387b\" data-element_type=\"column\">\n\t\t\t<div class=\"elementor-widget-wrap elementor-element-populated\">\n\t\t\t\t\t\t<div class=\"elementor-element elementor-element-6507dd1 elementor-widget elementor-widget-heading\" data-id=\"6507dd1\" data-element_type=\"widget\" data-widget_type=\"heading.default\">\n\t\t\t\t<div class=\"elementor-widget-container\">\n\t\t\t\t\t<h2 class=\"elementor-heading-title elementor-size-default\">LA CAVE DE JOSEPH AU C\u0152UR DE RENNES<\/h2>\t\t\t\t<\/div>\n\t\t\t\t<\/div>\n\t\t\t\t<div class=\"elementor-element elementor-element-652b263 elementor-widget elementor-widget-heading\" data-id=\"652b263\" data-element_type=\"widget\" data-widget_type=\"heading.default\">\n\t\t\t\t<div class=\"elementor-widget-container\">\n\t\t\t\t\t<h3 class=\"elementor-heading-title elementor-size-default\">Une cave d'exception mettant en avant qualit\u00e9 et savoir-faire.<\/h3>\t\t\t\t<\/div>\n\t\t\t\t<\/div>\n\t\t\t\t<div class=\"elementor-element elementor-element-177e9d2 elementor-widget elementor-widget-text-editor\" data-id=\"177e9d2\" data-element_type=\"widget\" data-widget_type=\"text-editor.default\">\n\t\t\t\t<div class=\"elementor-widget-container\">\n\t\t\t\t\t\t\t\t\t<p>Bienvenue \u00e0 la Cave de Joseph, votre destination pour d\u00e9couvrir une vari\u00e9t\u00e9 de vins provenant des terroirs viticoles de la France. Notre caviste a minutieusement s\u00e9lectionn\u00e9 une gamme diversifi\u00e9e, incluant des p\u00e9pites des vignobles du Portugal, d&rsquo;Espagne, d&rsquo;Italie.<\/p><p>En mati\u00e8re de bi\u00e8res, notre passion pour le local se refl\u00e8te dans nos choix, mettant en lumi\u00e8re des brasseries r\u00e9gionales telles que Skumenn, Uncle et Sauvage, offrant ainsi une palette de saveurs qui c\u00e9l\u00e8brent le terroir breton.<\/p><p>Pour les amateurs de spiritueux, notre s\u00e9lection de rhums et whiskys vous transportera \u00e0 travers un savoir-faire traditionnel. Nous valorisons \u00e9galement le talent local avec une gamme \u00e9labor\u00e9e de gin et d&rsquo;absinthe sign\u00e9e Awen Nature, illustrant notre engagement envers la qualit\u00e9.<\/p>\t\t\t\t\t\t\t\t<\/div>\n\t\t\t\t<\/div>\n\t\t\t\t<div class=\"elementor-element elementor-element-37b3131 elementor-widget elementor-widget-heading\" data-id=\"37b3131\" data-element_type=\"widget\" data-widget_type=\"heading.default\">\n\t\t\t\t<div class=\"elementor-widget-container\">\n\t\t\t\t\t<h3 class=\"elementor-heading-title elementor-size-default\">Nos horaires d'ouverture<\/h3>\t\t\t\t<\/div>\n\t\t\t\t<\/div>\n\t\t\t\t<div class=\"elementor-element elementor-element-2d646dd elementor-widget elementor-widget-text-editor\" data-id=\"2d646dd\" data-element_type=\"widget\" data-widget_type=\"text-editor.default\">\n\t\t\t\t<div class=\"elementor-widget-container\">\n\t\t\t\t\t\t\t\t\t<table class=\"WgFkxc\"><tbody><tr class=\"K7Ltle\"><td class=\"SKNSIb\">lundi<\/td><td>Ferm\u00e9<\/td><\/tr><tr><td class=\"SKNSIb\">mardi<\/td><td>10:00\u201313:00, 15:00\u201320:00<\/td><\/tr><tr><td class=\"SKNSIb\">mercredi<\/td><td>10:00\u201313:00, 15:00\u201320:00<\/td><\/tr><tr><td class=\"SKNSIb\">jeudi<\/td><td>10:00\u201313:00, 15:00\u201320:00<\/td><\/tr><tr><td class=\"SKNSIb\">vendredi<\/td><td>10:00\u201313:00, 15:00\u201320:00<\/td><\/tr><tr><td class=\"SKNSIb\">samedi<\/td><td>10:00\u201313:00, 15:00\u201320:00<\/td><\/tr><tr><td class=\"SKNSIb\">dimanche<\/td><td>Ferm\u00e9<\/td><\/tr><\/tbody><\/table>\t\t\t\t\t\t\t\t<\/div>\n\t\t\t\t<\/div>\n\t\t\t\t\t<\/div>\n\t\t<\/div>\n\t\t\t\t<div class=\"elementor-column elementor-col-50 elementor-top-column elementor-element elementor-element-5ed1ffd3\" data-id=\"5ed1ffd3\" data-element_type=\"column\" data-settings=\"{&quot;background_background&quot;:&quot;classic&quot;}\">\n\t\t\t<div class=\"elementor-widget-wrap elementor-element-populated\">\n\t\t\t\t\t\t<div class=\"elementor-element elementor-element-72662c8 elementor-widget elementor-widget-image\" data-id=\"72662c8\" data-element_type=\"widget\" data-widget_type=\"image.default\">\n\t\t\t\t<div class=\"elementor-widget-container\">\n\t\t\t\t\t\t\t\t\t\t\t\t\t\t\t<img fetchpriority=\"high\" decoding=\"async\" width=\"2048\" height=\"1365\" src=\"https:\/\/lescavesdejoseph.com\/wp-content\/uploads\/2024\/01\/PDG-334.jpg\" class=\"attachment-full size-full wp-image-813\" alt=\"\" srcset=\"https:\/\/lescavesdejoseph.com\/wp-content\/uploads\/2024\/01\/PDG-334.jpg 2048w, https:\/\/lescavesdejoseph.com\/wp-content\/uploads\/2024\/01\/PDG-334-300x200.jpg 300w, https:\/\/lescavesdejoseph.com\/wp-content\/uploads\/2024\/01\/PDG-334-1024x683.jpg 1024w, https:\/\/lescavesdejoseph.com\/wp-content\/uploads\/2024\/01\/PDG-334-768x512.jpg 768w, https:\/\/lescavesdejoseph.com\/wp-content\/uploads\/2024\/01\/PDG-334-1536x1024.jpg 1536w\" sizes=\"(max-width: 2048px) 100vw, 2048px\" \/>\t\t\t\t\t\t\t\t\t\t\t\t\t\t\t<\/div>\n\t\t\t\t<\/div>\n\t\t\t\t\t<\/div>\n\t\t<\/div>\n\t\t\t\t\t<\/div>\n\t\t<\/section>\n\t\t\t\t<section class=\"elementor-section elementor-top-section elementor-element elementor-element-e3c686f elementor-section-full_width elementor-section-stretched elementor-section-height-default elementor-section-height-default\" data-id=\"e3c686f\" data-element_type=\"section\" data-settings=\"{&quot;background_background&quot;:&quot;classic&quot;,&quot;stretch_section&quot;:&quot;section-stretched&quot;}\">\n\t\t\t\t\t\t<div class=\"elementor-container elementor-column-gap-default\">\n\t\t\t\t\t<div class=\"elementor-column elementor-col-50 elementor-top-column elementor-element elementor-element-a9d1769\" data-id=\"a9d1769\" data-element_type=\"column\" data-settings=\"{&quot;background_background&quot;:&quot;classic&quot;}\">\n\t\t\t<div class=\"elementor-widget-wrap elementor-element-populated\">\n\t\t\t\t\t\t<div class=\"elementor-element elementor-element-d9e0df9 elementor-widget elementor-widget-image\" data-id=\"d9e0df9\" data-element_type=\"widget\" data-widget_type=\"image.default\">\n\t\t\t\t<div class=\"elementor-widget-container\">\n\t\t\t\t\t\t\t\t\t\t\t\t\t\t\t<img decoding=\"async\" width=\"2048\" height=\"1365\" src=\"https:\/\/lescavesdejoseph.com\/wp-content\/uploads\/2024\/01\/PDG-361.jpg\" class=\"attachment-full size-full wp-image-818\" alt=\"\" srcset=\"https:\/\/lescavesdejoseph.com\/wp-content\/uploads\/2024\/01\/PDG-361.jpg 2048w, https:\/\/lescavesdejoseph.com\/wp-content\/uploads\/2024\/01\/PDG-361-300x200.jpg 300w, https:\/\/lescavesdejoseph.com\/wp-content\/uploads\/2024\/01\/PDG-361-1024x683.jpg 1024w, https:\/\/lescavesdejoseph.com\/wp-content\/uploads\/2024\/01\/PDG-361-768x512.jpg 768w, https:\/\/lescavesdejoseph.com\/wp-content\/uploads\/2024\/01\/PDG-361-1536x1024.jpg 1536w\" sizes=\"(max-width: 2048px) 100vw, 2048px\" \/>\t\t\t\t\t\t\t\t\t\t\t\t\t\t\t<\/div>\n\t\t\t\t<\/div>\n\t\t\t\t\t<\/div>\n\t\t<\/div>\n\t\t\t\t<div class=\"elementor-column elementor-col-50 elementor-top-column elementor-element elementor-element-0a78049\" data-id=\"0a78049\" data-element_type=\"column\">\n\t\t\t<div class=\"elementor-widget-wrap elementor-element-populated\">\n\t\t\t\t\t\t<div class=\"elementor-element elementor-element-bea69aa elementor-widget elementor-widget-heading\" data-id=\"bea69aa\" data-element_type=\"widget\" data-widget_type=\"heading.default\">\n\t\t\t\t<div class=\"elementor-widget-container\">\n\t\t\t\t\t<h2 class=\"elementor-heading-title elementor-size-default\">L'HISTOIRE DE LA CAVE DE JOSEPH<\/h2>\t\t\t\t<\/div>\n\t\t\t\t<\/div>\n\t\t\t\t<div class=\"elementor-element elementor-element-4819f5f elementor-widget elementor-widget-heading\" data-id=\"4819f5f\" data-element_type=\"widget\" data-widget_type=\"heading.default\">\n\t\t\t\t<div class=\"elementor-widget-container\">\n\t\t\t\t\t<h3 class=\"elementor-heading-title elementor-size-default\">Promouvoir et partager l'authenticit\u00e9 des vins de terroir et des vignerons<\/h3>\t\t\t\t<\/div>\n\t\t\t\t<\/div>\n\t\t\t\t<div class=\"elementor-element elementor-element-2f99b1b elementor-widget elementor-widget-text-editor\" data-id=\"2f99b1b\" data-element_type=\"widget\" data-widget_type=\"text-editor.default\">\n\t\t\t\t<div class=\"elementor-widget-container\">\n\t\t\t\t\t\t\t\t\t<p>Le c\u0153ur de notre d\u00e9marche est de promouvoir et de partager les vins authentiques, fa\u00e7onn\u00e9s par le terroir et l&rsquo;engagement passionn\u00e9 des vignerons. Depuis notre cr\u00e9ation en juillet 2015, notre mission consiste \u00e0 d\u00e9nicher des vins de qualit\u00e9, incarnant un savoir-faire unique.<\/p><p>Notre cave regorge de tr\u00e9sors vinicoles issus de vignerons que nous rencontrons r\u00e9guli\u00e8rement sur leurs domaines respectifs, d\u00e9gustant et partageant des moments privil\u00e9gi\u00e9s autour de leurs cuv\u00e9es. Cette proximit\u00e9 avec les producteurs permet de vous offrir des vins authentiques et singuliers.<\/p><p>Nous avons \u00e9galement le privil\u00e8ge de vous proposer une expertise pointue en mati\u00e8re de vins rares et de vieux mill\u00e9simes, des joyaux \u0153nologiques que nous mettons \u00e0 votre disposition pour des exp\u00e9riences gustatives uniques et m\u00e9morables.<\/p>\t\t\t\t\t\t\t\t<\/div>\n\t\t\t\t<\/div>\n\t\t\t\t<div class=\"elementor-element elementor-element-4ab9819c elementor-align-justify elementor-widget elementor-widget-button\" data-id=\"4ab9819c\" data-element_type=\"widget\" data-widget_type=\"button.default\">\n\t\t\t\t<div class=\"elementor-widget-container\">\n\t\t\t\t\t\t\t\t\t<div class=\"elementor-button-wrapper\">\n\t\t\t\t\t<a class=\"elementor-button elementor-button-link elementor-size-md\" href=\"http:\/\/lescavesdejoseph.com\/index.php\/lhistoire-des-caves-de-joseph\/\">\n\t\t\t\t\t\t<span class=\"elementor-button-content-wrapper\">\n\t\t\t\t\t\t\t\t\t<span class=\"elementor-button-text\">EN SAVOIR PLUS SUR NOS VALEURS<\/span>\n\t\t\t\t\t<\/span>\n\t\t\t\t\t<\/a>\n\t\t\t\t<\/div>\n\t\t\t\t\t\t\t\t<\/div>\n\t\t\t\t<\/div>\n\t\t\t\t\t<\/div>\n\t\t<\/div>\n\t\t\t\t\t<\/div>\n\t\t<\/section>\n\t\t\t\t<section class=\"elementor-section elementor-top-section elementor-element elementor-element-6fdc47f elementor-section-full_width elementor-section-stretched elementor-section-height-default elementor-section-height-default\" data-id=\"6fdc47f\" data-element_type=\"section\" data-settings=\"{&quot;background_background&quot;:&quot;classic&quot;,&quot;stretch_section&quot;:&quot;section-stretched&quot;}\">\n\t\t\t\t\t\t<div class=\"elementor-container elementor-column-gap-default\">\n\t\t\t\t\t<div class=\"elementor-column elementor-col-50 elementor-top-column elementor-element elementor-element-ddc1df7\" data-id=\"ddc1df7\" data-element_type=\"column\">\n\t\t\t<div class=\"elementor-widget-wrap elementor-element-populated\">\n\t\t\t\t\t\t<div class=\"elementor-element elementor-element-5088446 elementor-widget elementor-widget-heading\" data-id=\"5088446\" data-element_type=\"widget\" data-widget_type=\"heading.default\">\n\t\t\t\t<div class=\"elementor-widget-container\">\n\t\t\t\t\t<h3 class=\"elementor-heading-title elementor-size-default\">Les ateliers d\u00e9gustations<\/h3>\t\t\t\t<\/div>\n\t\t\t\t<\/div>\n\t\t\t\t<div class=\"elementor-element elementor-element-25371fa elementor-widget elementor-widget-text-editor\" data-id=\"25371fa\" data-element_type=\"widget\" data-widget_type=\"text-editor.default\">\n\t\t\t\t<div class=\"elementor-widget-container\">\n\t\t\t\t\t\t\t\t\t<p>Rien ne vaut une d\u00e9gustation pour explorer et approfondir vos connaissances sur les vins et spiritueux. C\u2019est pourquoi tout au long de l&rsquo;ann\u00e9e, nous vous convions \u00e0 nos d\u00e9gustations th\u00e9matiques, une immersion passionnante dans l&rsquo;univers des principales r\u00e9gions viticoles et des prestigieux spiritueux.<\/p>\t\t\t\t\t\t\t\t<\/div>\n\t\t\t\t<\/div>\n\t\t\t\t<div class=\"elementor-element elementor-element-e45b79e elementor-align-justify elementor-widget elementor-widget-button\" data-id=\"e45b79e\" data-element_type=\"widget\" data-widget_type=\"button.default\">\n\t\t\t\t<div class=\"elementor-widget-container\">\n\t\t\t\t\t\t\t\t\t<div class=\"elementor-button-wrapper\">\n\t\t\t\t\t<a class=\"elementor-button elementor-button-link elementor-size-md\" href=\"http:\/\/lescavesdejoseph.com\/wp-content\/uploads\/2025\/05\/CJ-Degustation.pdf\" target=\"_blank\">\n\t\t\t\t\t\t<span class=\"elementor-button-content-wrapper\">\n\t\t\t\t\t\t\t\t\t<span class=\"elementor-button-text\">LE CALENDRIER DE D\u00c9GUSTATION<\/span>\n\t\t\t\t\t<\/span>\n\t\t\t\t\t<\/a>\n\t\t\t\t<\/div>\n\t\t\t\t\t\t\t\t<\/div>\n\t\t\t\t<\/div>\n\t\t\t\t<div class=\"elementor-element elementor-element-55396c7 elementor-widget elementor-widget-heading\" data-id=\"55396c7\" data-element_type=\"widget\" data-widget_type=\"heading.default\">\n\t\t\t\t<div class=\"elementor-widget-container\">\n\t\t\t\t\t<h3 class=\"elementor-heading-title elementor-size-default\">Les cours d'\u0153nologie<\/h3>\t\t\t\t<\/div>\n\t\t\t\t<\/div>\n\t\t\t\t<div class=\"elementor-element elementor-element-b3e7ba8 elementor-widget elementor-widget-text-editor\" data-id=\"b3e7ba8\" data-element_type=\"widget\" data-widget_type=\"text-editor.default\">\n\t\t\t\t<div class=\"elementor-widget-container\">\n\t\t\t\t\t\t\t\t\t<p>Chaque mois, la Cave de Joseph vous convient \u00e0 un cours d&rsquo;\u0153nologie exclusif, qui prend vie au Domaine de la Hardouinais.<\/p><p>En compagnie du Chef de cuisine S\u00e9bastien Colleux, explorez l&rsquo;histoire captivante des vignobles par r\u00e9gion, ponctu\u00e9e d&rsquo;anecdotes fascinantes.\u00a0<span style=\"font-size: 16px; letter-spacing: 0px;\">Pour rejoindre ces cours d&rsquo;\u0153nologie passionnants, il vous suffit de contacter directement l&rsquo;Auberge au 02 96 56 14 59 ou par mail \u00e0 contact@arduen.com.<\/span><\/p><p>Nous avons h\u00e2te de vous y accueillir pour des moments inoubliables autour du vin et de la gastronomie.<\/p>\t\t\t\t\t\t\t\t<\/div>\n\t\t\t\t<\/div>\n\t\t\t\t\t<\/div>\n\t\t<\/div>\n\t\t\t\t<div class=\"elementor-column elementor-col-50 elementor-top-column elementor-element elementor-element-ebd8f04\" data-id=\"ebd8f04\" data-element_type=\"column\" data-settings=\"{&quot;background_background&quot;:&quot;classic&quot;}\">\n\t\t\t<div class=\"elementor-widget-wrap elementor-element-populated\">\n\t\t\t\t\t\t<div class=\"elementor-element elementor-element-8b63c6b elementor-widget elementor-widget-image\" data-id=\"8b63c6b\" data-element_type=\"widget\" data-widget_type=\"image.default\">\n\t\t\t\t<div class=\"elementor-widget-container\">\n\t\t\t\t\t\t\t\t\t\t\t\t\t\t\t<img decoding=\"async\" width=\"2048\" height=\"1365\" src=\"https:\/\/lescavesdejoseph.com\/wp-content\/uploads\/2024\/01\/PDG-391.jpg\" class=\"attachment-full size-full wp-image-833\" alt=\"\" srcset=\"https:\/\/lescavesdejoseph.com\/wp-content\/uploads\/2024\/01\/PDG-391.jpg 2048w, https:\/\/lescavesdejoseph.com\/wp-content\/uploads\/2024\/01\/PDG-391-300x200.jpg 300w, https:\/\/lescavesdejoseph.com\/wp-content\/uploads\/2024\/01\/PDG-391-1024x683.jpg 1024w, https:\/\/lescavesdejoseph.com\/wp-content\/uploads\/2024\/01\/PDG-391-768x512.jpg 768w, https:\/\/lescavesdejoseph.com\/wp-content\/uploads\/2024\/01\/PDG-391-1536x1024.jpg 1536w\" sizes=\"(max-width: 2048px) 100vw, 2048px\" \/>\t\t\t\t\t\t\t\t\t\t\t\t\t\t\t<\/div>\n\t\t\t\t<\/div>\n\t\t\t\t\t<\/div>\n\t\t<\/div>\n\t\t\t\t\t<\/div>\n\t\t<\/section>\n\t\t\t\t<section class=\"elementor-section elementor-top-section elementor-element elementor-element-78a2da4 elementor-section-full_width elementor-section-stretched elementor-section-height-default elementor-section-height-default\" data-id=\"78a2da4\" data-element_type=\"section\" data-settings=\"{&quot;background_background&quot;:&quot;classic&quot;,&quot;stretch_section&quot;:&quot;section-stretched&quot;}\">\n\t\t\t\t\t\t<div class=\"elementor-container elementor-column-gap-default\">\n\t\t\t\t\t<div class=\"elementor-column elementor-col-100 elementor-top-column elementor-element elementor-element-93c515f\" data-id=\"93c515f\" data-element_type=\"column\">\n\t\t\t<div class=\"elementor-widget-wrap elementor-element-populated\">\n\t\t\t\t\t\t<div class=\"elementor-element elementor-element-517725f elementor-widget elementor-widget-heading\" data-id=\"517725f\" data-element_type=\"widget\" data-widget_type=\"heading.default\">\n\t\t\t\t<div class=\"elementor-widget-container\">\n\t\t\t\t\t<h2 class=\"elementor-heading-title elementor-size-default\">Nous contacter<\/h2>\t\t\t\t<\/div>\n\t\t\t\t<\/div>\n\t\t\t\t<div class=\"elementor-element elementor-element-5623732 elementor-widget elementor-widget-heading\" data-id=\"5623732\" data-element_type=\"widget\" data-widget_type=\"heading.default\">\n\t\t\t\t<div class=\"elementor-widget-container\">\n\t\t\t\t\t<h3 class=\"elementor-heading-title elementor-size-default\">Coordonn\u00e9es<\/h3>\t\t\t\t<\/div>\n\t\t\t\t<\/div>\n\t\t\t\t<div class=\"elementor-element elementor-element-3a0c947 elementor-widget elementor-widget-text-editor\" data-id=\"3a0c947\" data-element_type=\"widget\" data-widget_type=\"text-editor.default\">\n\t\t\t\t<div class=\"elementor-widget-container\">\n\t\t\t\t\t\t\t\t\t<p><strong>Adresse<\/strong><br \/>49 Avenue Jean Janvier, 35000 Rennes<\/p><p><strong>T\u00e9l\u00e9phone<\/strong><br \/>02 23 44 18 24<\/p><p><strong>Email<\/strong><br \/>lescavesdejoseph@outlook.fr<\/p>\t\t\t\t\t\t\t\t<\/div>\n\t\t\t\t<\/div>\n\t\t\t\t<div class=\"elementor-element elementor-element-596e392 elementor-widget elementor-widget-google_maps\" data-id=\"596e392\" data-element_type=\"widget\" data-widget_type=\"google_maps.default\">\n\t\t\t\t<div class=\"elementor-widget-container\">\n\t\t\t\t\t\t\t<div class=\"elementor-custom-embed\">\n\t\t\t<iframe loading=\"lazy\"\n\t\t\t\t\tsrc=\"https:\/\/maps.google.com\/maps?q=Les%20Caves%20de%20Joseph&#038;t=m&#038;z=16&#038;output=embed&#038;iwloc=near\"\n\t\t\t\t\ttitle=\"Les Caves de Joseph\"\n\t\t\t\t\taria-label=\"Les Caves de Joseph\"\n\t\t\t><\/iframe>\n\t\t<\/div>\n\t\t\t\t\t\t<\/div>\n\t\t\t\t<\/div>\n\t\t\t\t<div class=\"elementor-element elementor-element-0fe7de8 elementor-widget elementor-widget-heading\" data-id=\"0fe7de8\" data-element_type=\"widget\" data-widget_type=\"heading.default\">\n\t\t\t\t<div class=\"elementor-widget-container\">\n\t\t\t\t\t<h3 class=\"elementor-heading-title elementor-size-default\">Acc\u00e9der \u00e0 la Cave de Joseph<\/h3>\t\t\t\t<\/div>\n\t\t\t\t<\/div>\n\t\t\t\t<div class=\"elementor-element elementor-element-3004b01 elementor-widget elementor-widget-text-editor\" data-id=\"3004b01\" data-element_type=\"widget\" data-widget_type=\"text-editor.default\">\n\t\t\t\t<div class=\"elementor-widget-container\">\n\t\t\t\t\t\t\t\t\t<p>Si vous pr\u00e9voyez de vous rendre en voiture aux Caves de Joseph, l&rsquo;acc\u00e8s est simple. Empruntez la rue Duhamel depuis Saint-H\u00e9lier pour rejoindre le bas de l&rsquo;Avenue Jean Janvier.&nbsp;<span style=\"font-size: 16px; letter-spacing: 0px;\">Des places de stationnement sont disponibles le long de la rue, notamment apr\u00e8s le feu du Novotel. En outre, \u00e0 proximit\u00e9, vous trouverez pas moins de 5 parkings, sans oublier ceux de la gare.<\/span><\/p>\n<p>Pour les d\u00e9placements en transports en commun, \u00e9tant donn\u00e9 notre proximit\u00e9 avec la gare, vous pouvez opter pour le m\u00e9tro ou le bus. Le quartier est bien desservi \u00e0 ce niveau-l\u00e0, vous permettant un acc\u00e8s ais\u00e9 depuis diff\u00e9rents points de la ville.<\/p>\t\t\t\t\t\t\t\t<\/div>\n\t\t\t\t<\/div>\n\t\t\t\t\t<\/div>\n\t\t<\/div>\n\t\t\t\t\t<\/div>\n\t\t<\/section>\n\t\t\t\t<\/div>\n\t\t","protected":false},"excerpt":{"rendered":"<p>Cave \u00e0 vins &#038; spiritueux \u00e0 rennes DES VINS D&rsquo;EXCEPTIONS, DES ATELIERS D\u00c9GUSTATIONS ET DE LA PASSION LA CAVE DE JOSEPH AU C\u0152UR DE RENNES Une cave d&rsquo;exception mettant en avant qualit\u00e9 et savoir-faire. Bienvenue \u00e0 la Cave de Joseph, votre destination pour d\u00e9couvrir une vari\u00e9t\u00e9 de vins provenant des terroirs viticoles de la France. [&hellip;]<\/p>\n","protected":false},"author":5,"featured_media":0,"parent":0,"menu_order":0,"comment_status":"closed","ping_status":"closed","template":"","meta":{"_monsterinsights_skip_tracking":false,"_monsterinsights_sitenote_active":false,"_monsterinsights_sitenote_note":"","_monsterinsights_sitenote_category":0,"ocean_post_layout":"","ocean_both_sidebars_style":"","ocean_both_sidebars_content_width":0,"ocean_both_sidebars_sidebars_width":0,"ocean_sidebar":"0","ocean_second_sidebar":"0","ocean_disable_margins":"enable","ocean_add_body_class":"","ocean_shortcode_before_top_bar":"","ocean_shortcode_after_top_bar":"","ocean_shortcode_before_header":"","ocean_shortcode_after_header":"","ocean_has_shortcode":"","ocean_shortcode_after_title":"","ocean_shortcode_before_footer_widgets":"","ocean_shortcode_after_footer_widgets":"","ocean_shortcode_before_footer_bottom":"","ocean_shortcode_after_footer_bottom":"","ocean_display_top_bar":"default","ocean_display_header":"default","ocean_header_style":"","ocean_center_header_left_menu":"0","ocean_custom_header_template":"0","ocean_custom_logo":0,"ocean_custom_retina_logo":0,"ocean_custom_logo_max_width":0,"ocean_custom_logo_tablet_max_width":0,"ocean_custom_logo_mobile_max_width":0,"ocean_custom_logo_max_height":0,"ocean_custom_logo_tablet_max_height":0,"ocean_custom_logo_mobile_max_height":0,"ocean_header_custom_menu":"0","ocean_menu_typo_font_family":"0","ocean_menu_typo_font_subset":"","ocean_menu_typo_font_size":0,"ocean_menu_typo_font_size_tablet":0,"ocean_menu_typo_font_size_mobile":0,"ocean_menu_typo_font_size_unit":"px","ocean_menu_typo_font_weight":"","ocean_menu_typo_font_weight_tablet":"","ocean_menu_typo_font_weight_mobile":"","ocean_menu_typo_transform":"","ocean_menu_typo_transform_tablet":"","ocean_menu_typo_transform_mobile":"","ocean_menu_typo_line_height":0,"ocean_menu_typo_line_height_tablet":0,"ocean_menu_typo_line_height_mobile":0,"ocean_menu_typo_line_height_unit":"","ocean_menu_typo_spacing":0,"ocean_menu_typo_spacing_tablet":0,"ocean_menu_typo_spacing_mobile":0,"ocean_menu_typo_spacing_unit":"","ocean_menu_link_color":"","ocean_menu_link_color_hover":"","ocean_menu_link_color_active":"","ocean_menu_link_background":"","ocean_menu_link_hover_background":"","ocean_menu_link_active_background":"","ocean_menu_social_links_bg":"","ocean_menu_social_hover_links_bg":"","ocean_menu_social_links_color":"","ocean_menu_social_hover_links_color":"","ocean_disable_title":"default","ocean_disable_heading":"default","ocean_post_title":"","ocean_post_subheading":"","ocean_post_title_style":"","ocean_post_title_background_color":"","ocean_post_title_background":0,"ocean_post_title_bg_image_position":"","ocean_post_title_bg_image_attachment":"","ocean_post_title_bg_image_repeat":"","ocean_post_title_bg_image_size":"","ocean_post_title_height":0,"ocean_post_title_bg_overlay":0.5,"ocean_post_title_bg_overlay_color":"","ocean_disable_breadcrumbs":"default","ocean_breadcrumbs_color":"","ocean_breadcrumbs_separator_color":"","ocean_breadcrumbs_links_color":"","ocean_breadcrumbs_links_hover_color":"","ocean_display_footer_widgets":"default","ocean_display_footer_bottom":"default","ocean_custom_footer_template":"","footnotes":""},"class_list":["post-56","page","type-page","status-publish","hentry","entry"],"aioseo_notices":[],"_links":{"self":[{"href":"https:\/\/lescavesdejoseph.com\/index.php\/wp-json\/wp\/v2\/pages\/56","targetHints":{"allow":["GET"]}}],"collection":[{"href":"https:\/\/lescavesdejoseph.com\/index.php\/wp-json\/wp\/v2\/pages"}],"about":[{"href":"https:\/\/lescavesdejoseph.com\/index.php\/wp-json\/wp\/v2\/types\/page"}],"author":[{"embeddable":true,"href":"https:\/\/lescavesdejoseph.com\/index.php\/wp-json\/wp\/v2\/users\/5"}],"replies":[{"embeddable":true,"href":"https:\/\/lescavesdejoseph.com\/index.php\/wp-json\/wp\/v2\/comments?post=56"}],"version-history":[{"count":234,"href":"https:\/\/lescavesdejoseph.com\/index.php\/wp-json\/wp\/v2\/pages\/56\/revisions"}],"predecessor-version":[{"id":1099,"href":"https:\/\/lescavesdejoseph.com\/index.php\/wp-json\/wp\/v2\/pages\/56\/revisions\/1099"}],"wp:attachment":[{"href":"https:\/\/lescavesdejoseph.com\/index.php\/wp-json\/wp\/v2\/media?parent=56"}],"curies":[{"name":"wp","href":"https:\/\/api.w.org\/{rel}","templated":true}]}}